{"id":745,"date":"2019-05-22T17:23:15","date_gmt":"2019-05-22T15:23:15","guid":{"rendered":"http:\/\/www.veraholz.ch\/?page_id=745"},"modified":"2022-12-28T14:35:47","modified_gmt":"2022-12-28T13:35:47","slug":"startseite-2","status":"publish","type":"page","link":"https:\/\/www.wort-reich.ch\/","title":{"rendered":"Startseite"},"content":{"rendered":"<div id=\"dslc-main\">\r\n\t\t\t<div  class=\"dslc-modules-section \" style=\"margin-bottom:100px;padding-top:0px;padding-bottom:0px;\" data-section-id=\"ddcbedf59ed\">\r\n\t\t\t\t\r\n\t\t\t\t\r\n\t\t\t\t<div class=\"dslc-modules-section-wrapper dslc-clearfix\"><div  class=\"dslc-modules-area dslc-col dslc-12-col dslc-last-col dslc-valign- \" data-size=\"12\" data-valign=\"\" data-modules-area-id=\"\" ><style type=\"text\/css\" id=\"dslca-modules-area-\"><\/style>\r\n\t\t<div id=\"dslc-module-69876ae1d25\" class=\"dslc-module-front dslc-module-DSLC_TP_Title dslc-in-viewport-check dslc-in-viewport-anim-none  dslc-col dslc-12-col dslc-last-col  dslc-module-handle-like-regular \" data-module-id=\"69876ae1d25\" data-module=\"DSLC_TP_Title\" data-dslc-module-size=\"12\" data-dslc-anim=\"none\" data-dslc-anim-delay=\"\" data-dslc-anim-duration=\"650\"  data-dslc-anim-easing=\"ease\" data-dslc-preset=\"none\" >\r\n\r\n\t\t\t\r\n\t\t\t\r\n\t\t\r\n\t<div class=\"dslc-tp-title\">\r\n\t\t\t\t\t<div class=\"dslc-tp-title\"><h1>Max Oravin - Toni &#038; Toni<\/h1><\/div>\r\n\t\t\t<\/div>\r\n\r\n\t\r\n\t\t\t\t<\/div><!-- .dslc-module -->\r\n\t\t\r\n\t\t<div id=\"dslc-module-e1d5148467e\" class=\"dslc-module-front dslc-module-DSLC_TP_Thumbnail dslc-in-viewport-check dslc-in-viewport-anim-none  dslc-col dslc-12-col dslc-last-col  dslc-module-handle-like-regular \" data-module-id=\"e1d5148467e\" data-module=\"DSLC_TP_Thumbnail\" data-dslc-module-size=\"12\" data-dslc-anim=\"none\" data-dslc-anim-delay=\"0\" data-dslc-anim-duration=\"650\"  data-dslc-anim-easing=\"ease\" data-dslc-preset=\"none\" >\r\n\r\n\t\t\t\r\n\t\t\t\r\n\t\t\r\n\t\t\t<div class=\"dslc-tp-thumbnail\">\r\n\t\t\t\t\r\n\t\t\t\t\t\t\t\t\t<img width=\"1920\" height=\"2560\" src=\"https:\/\/www.wort-reich.ch\/wp-content\/uploads\/2024\/08\/IMG_0533-scaled.jpg\" class=\"attachment-full size-full wp-post-image\" alt=\"\" title=\"IMG_0533\" srcset=\"https:\/\/www.wort-reich.ch\/wp-content\/uploads\/2024\/08\/IMG_0533-scaled.jpg 1920w, https:\/\/www.wort-reich.ch\/wp-content\/uploads\/2024\/08\/IMG_0533-225x300.jpg 225w, https:\/\/www.wort-reich.ch\/wp-content\/uploads\/2024\/08\/IMG_0533-700x933.jpg 700w, https:\/\/www.wort-reich.ch\/wp-content\/uploads\/2024\/08\/IMG_0533-768x1024.jpg 768w, https:\/\/www.wort-reich.ch\/wp-content\/uploads\/2024\/08\/IMG_0533-1152x1536.jpg 1152w, https:\/\/www.wort-reich.ch\/wp-content\/uploads\/2024\/08\/IMG_0533-1536x2048.jpg 1536w\" sizes=\"(max-width: 1920px) 100vw, 1920px\" \/>\t\t\t\t\r\n\t\t\t\t\t\t\t<\/div>\r\n\r\n\t\t\r\n\t\t\r\n\t\t\t\t<\/div><!-- .dslc-module -->\r\n\t\t\r\n\t\t<div id=\"dslc-module-60e77eb73f8\" class=\"dslc-module-front dslc-module-DSLC_TP_Content dslc-in-viewport-check dslc-in-viewport-anim-none  dslc-col dslc-12-col dslc-last-col  dslc-module-handle-like-regular \" data-module-id=\"60e77eb73f8\" data-module=\"DSLC_TP_Content\" data-dslc-module-size=\"12\" data-dslc-anim=\"none\" data-dslc-anim-delay=\"\" data-dslc-anim-duration=\"650\"  data-dslc-anim-easing=\"ease\" data-dslc-preset=\"content\" >\r\n\r\n\t\t\t\r\n\t\t\t\r\n\t\t\t\t<div class=\"dslc-tp-content\">\r\n\t\t\t<div id=\"pl-1436\"  class=\"panel-layout\" ><div id=\"pg-1436-0\"  class=\"panel-grid panel-no-style\" ><div id=\"pgc-1436-0-0\"  class=\"panel-grid-cell\" ><div id=\"panel-1436-0-0-0\" class=\"so-panel widget widget_sow-editor panel-first-child\" data-index=\"0\" ><div\n\t\t\t\n\t\t\tclass=\"so-widget-sow-editor so-widget-sow-editor-base\"\n\t\t\t\n\t\t>\n<div class=\"siteorigin-widget-tinymce textwidget\">\n\t<p>In Max Oravins Roman \"Toni &amp; Toni\" entwickelten Toni und Toni eine Tanzperformance und standen kurz vor dem Durchbruch. Bis ein Unfall alles \u00e4ndert und sich die beiden zwischen Zen-Meditation und Selbstverletzung wiederfinden. Wir sprechen \u00fcber ihre Suche nach dem Weg zur\u00fcck ins Leben und nach einem Umgang mit den Ereignissen. Und warum dieses Buch kein Wort zu viel oder zu wenig enth\u00e4lt. Wir kommen aus dem Schw\u00e4rmen gar nicht mehr heraus!<\/p>\n<p>&nbsp;<\/p>\n<p>Gleich hier h\u00f6ren oder \u00fcberall, wo es Podcasts gibt. (z.B.<strong> <a href=\"https:\/\/open.spotify.com\/show\/2Ct3KxyqT5xNZgM1LCcNVI\">Spotify<\/a><\/strong>)<\/p>\n<p>Empfiehl uns gerne weiter, bewerte und kommentiere.<\/p>\n<p>Du m\u00f6chtest noch mehr von uns h\u00f6ren? Dann folge uns auf Instagram:<br \/>\nwortreich.literatur<\/p>\n<\/div>\n<\/div><\/div><div id=\"panel-1436-0-0-1\" class=\"so-panel widget widget_sow-editor panel-last-child\" data-index=\"1\" ><div\n\t\t\t\n\t\t\tclass=\"so-widget-sow-editor so-widget-sow-editor-base\"\n\t\t\t\n\t\t>\n<div class=\"siteorigin-widget-tinymce textwidget\">\n\t<p><script class=\"podigee-podcast-player\" src=\"https:\/\/player.podigee-cdn.net\/podcast-player\/javascripts\/podigee-podcast-player.js\" data-configuration=\"https:\/\/wortreich-literaturpodcast.podigee.io\/28-neue-episode\/embed?context=external&token=cplts2ABgaYB2FwpYRLgNQ\"><\/script><\/p>\n<\/div>\n<\/div><\/div><\/div><\/div><\/div>\t\t<\/div>\r\n\t\t\r\n\t\t\t\t<\/div><!-- .dslc-module -->\r\n\t\t<\/div><\/div><\/div><\/div><input type=\"hidden\" id=\"dslca-post-data-thumb\" value=\"https:\/\/www.wort-reich.ch\/wp-content\/uploads\/2024\/08\/IMG_0533-scaled.jpg\" \/>","protected":false},"excerpt":{"rendered":"<p>In Max Oravins Roman \"Toni &amp; Toni\" entwickelten Toni und Toni eine Tanzperformance und standen kurz vor dem Durchbruch. Bis ein Unfall alles \u00e4ndert und sich die beiden zwischen Zen-Meditation und Selbstverletzung wiederfinden. Wir sprechen \u00fcber ihre Suche nach dem Weg zur\u00fcck ins Leben und nach einem Umgang mit den Ereignissen. Und warum dieses Buch [&hellip;]<\/p>\n","protected":false},"author":1,"featured_media":0,"parent":0,"menu_order":0,"comment_status":"closed","ping_status":"closed","template":"","meta":{"jetpack_post_was_ever_published":false,"footnotes":""},"class_list":["post-745","page","type-page","status-publish","hentry"],"jetpack_sharing_enabled":true,"jetpack_shortlink":"https:\/\/wp.me\/P8fxsM-c1","_links":{"self":[{"href":"https:\/\/www.wort-reich.ch\/index.php?rest_route=\/wp\/v2\/pages\/745","targetHints":{"allow":["GET"]}}],"collection":[{"href":"https:\/\/www.wort-reich.ch\/index.php?rest_route=\/wp\/v2\/pages"}],"about":[{"href":"https:\/\/www.wort-reich.ch\/index.php?rest_route=\/wp\/v2\/types\/page"}],"author":[{"embeddable":true,"href":"https:\/\/www.wort-reich.ch\/index.php?rest_route=\/wp\/v2\/users\/1"}],"replies":[{"embeddable":true,"href":"https:\/\/www.wort-reich.ch\/index.php?rest_route=%2Fwp%2Fv2%2Fcomments&post=745"}],"version-history":[{"count":13,"href":"https:\/\/www.wort-reich.ch\/index.php?rest_route=\/wp\/v2\/pages\/745\/revisions"}],"predecessor-version":[{"id":914,"href":"https:\/\/www.wort-reich.ch\/index.php?rest_route=\/wp\/v2\/pages\/745\/revisions\/914"}],"wp:attachment":[{"href":"https:\/\/www.wort-reich.ch\/index.php?rest_route=%2Fwp%2Fv2%2Fmedia&parent=745"}],"curies":[{"name":"wp","href":"https:\/\/api.w.org\/{rel}","templated":true}]}}